
2
Let m(o) = o**2 + 5*o. Let y = -110 + 106. Calculate m(y).
-4
Let t = 5 - -1. Let x(k) = -k**2 + 6*k + 1. Determine x(t).
1
Let o(q) = -q**2 - q. Let m = -15 + 17. Let j = -3 + m. What is o(j)?
0
Let v(n) = n**2 + 3*n + 3. Let z(u) = -u**3 - 8*u**2 + 3*u + 19. Let m be z(-8). Give v(m).
13
Suppose -5 = -2*f - 1. Let x(w) = w - 3*w - f + w. Suppose 2*a - d - 3*d - 28 = 0, 3*a - 2*d - 22 = 0. Determine x(a).
-6
Let v(r) = -5*r**2 - 10*r - 9. Let n(o) = -7*o**2 - 10*o - 9. Let s(u) = -3*n(u) + 4*v(u). Give s(10).
-9
Let a(d) be the third derivative of d**5/60 - d**4/4 + 5*d**3/6 - 2*d**2. Suppose 4*w - 3*m + 40 = 2*m, -5*w - 50 = 2*m. Let j = -5 - w. Determine a(j).
0
Let o(h) = 4 - h + 0 + 0 - 3. Let d = 9 + -11. What is o(d)?
3
Let u be 1/2*(3 - -1). Let i(y) = -11 - y**u + 3*y + 4 + 4*y. Suppose 8*c - 25 = 3*c. Determine i(c).
3
Let h = 62 - 60. Let m(v) = -v**2 - v + 2. Calculate m(h).
-4
Let n(o) be the third derivative of -o**5/60 + 7*o**4/24 + 2*o**3/3 + 5*o**2. Give n(6).
10
Let k(r) = 6*r - 6*r + 5*r**2. Let p be -4 - (3 + -3 + -3). Give k(p).
5
Let y be -1 + -2*(-1 - -2). Let p(l) = 2*l**2 + 15 - 6*l**2 - 32 + 3*l**2 + 20. Calculate p(y).
-6
Let t(d) = 7*d + 13. Let u(z) = -9*z - 14. Let o(w) = 4*t(w) + 3*u(w). Determine o(-11).
-1
Let c(o) = -4*o**3 + 6*o - 3. Let m(n) = -7*n**3 + n**2 + 12*n - 6. Let f(g) = -5*c(g) + 3*m(g). Calculate f(4).
5
Suppose r + 3 = -o + 2, -o + r - 7 = 0. Let x = o + 5. Let s(j) be the second derivative of -j**4/3 - j**2/2 + j. What is s(x)?
-5
Suppose 10 = -u + 3*u. Suppose -5 = u*w + 10. Let k(m) = -2 - 5*m**2 + 4 + 2*m + 6*m**2. Calculate k(w).
5
Let f(t) be the third derivative of -t**4/24 - t**3/2 - 4*t**2. Calculate f(-7).
4
Let h(w) = 7*w**2 + w - 2. Let i(o) = -20*o**2 - 2*o + 7. Let a(x) = -17*h(x) - 6*i(x). Let q be 9/(-27) - (-57)/9. Calculate a(q).
-2
Let z(q) = -q. Let c be (-36)/(-10) - (-2)/5. Let n(u) = u**3 - 5*u**2 + 6*u. Let d be n(c). Let x = d + -4. Give z(x).
-4
Let x = -26 - -38. Let m be (2/4)/((-3)/x). Let a(k) = 1 - k + 1 - 4. What is a(m)?
0
Let x(f) = f**2 - 2*f + 4 + 9*f - 6*f + 3. Suppose -z + 1 = 3*c, -2*z + 4*c - 1 = 7. Let h = z - -2. What is x(h)?
7
Let h = 16 - 14. Let s(m) = 9*m - 1. Give s(h).
17
Let i(j) = -5*j - 2. Let t(f) = -f + 1. Let y(n) = -i(n) + 6*t(n). Suppose 4*k + 76 = 100. Determine y(k).
2
Let u(k) = -4*k + 1. Let t(b) = 3*b - 1. Let x(r) = 7*t(r) + 6*u(r). Determine x(1).
-4
Let k(s) = 0 - 2*s + 4*s - 2*s**2 - 1. Suppose 4*c = 5*c - 2*v - 3, 0 = 2*c - 2*v - 8. Suppose -6*p - 5*y = -p - 5, c*p + 2*y = 8. Calculate k(p).
-5
Suppose -7*n = -2*n - 10. Let f(v) = -v**2 - 3*v + 7. Let r(g) = g**2 + 2*g - 6. Let i(c) = -5*f(c) - 6*r(c). Give i(n).
3
Let d(x) = -5*x**3 - 5*x**2 - 2*x - 2*x + 5 + 4*x**3. Let b = 70 - 74. What is d(b)?
5
Suppose -13*p + 3 + 23 = 0. Let q(i) = -7*i + 3. Determine q(p).
-11
Suppose -i = -2 - 3. Let m(h) be the third derivative of h**4/24 - 2*h**3/3 - 2*h**2. Give m(i).
1
Suppose -9 = -4*u + u. Let h be -1 + (-3)/(u/(-4)). Let f(s) = -2*s - 12 - h*s + 4*s. Determine f(-5).
-7
Suppose y - 12 = 2*m, 3*y - m - 2 = 19. Let z(b) = b - 5. Let k be z(y). Let q(u) be the second derivative of u**4/6 - u**3/6 + 10*u. Give q(k).
1
Let o(z) = z**3 - 4*z**2 + 3*z. Let k(a) = a + 4. Let g be k(0). Let y = g - -1. Let l(f) = f - 3. Let q be l(y). Determine o(q).
-2
Let g = -2 + 0. Let u(x) be the first derivative of 2*x**3/3 + x**2 - x - 96. Determine u(g).
3
Suppose 0 = -6*j + 8*j - 4. Let k(o) = 4*o**2 + 2*o + 4*o**2 + 0 - 6*o**j - 1. Determine k(-2).
3
Let x(o) = -o**3 + 2*o**2 + 3*o + 2. Let t be 4/10 - 16/(-10). Suppose -2*v - 2*j + 4 = 0, 3*j = t*j - 1. Calculate x(v).
2
Let s(l) = -l**2. Let h(z) = z**3 + 6*z**2 - z. Let u(w) = h(w) + 3*s(w). Let m(f) = f**3 - 6*f**2 - 6*f - 10. Let c = 7 - 0. Let y be m(c). Give u(y).
3
Let f(n) = n + 1. Let s(m) = -8*m + 1. Let i be s(-1). Let y = i + -5. Let v be f(y). Let a(p) = -p**2 + 5*p - 1. What is a(v)?
-1
Let w(r) be the third derivative of -r**6/180 - r**4/3 - 6*r**2. Let i(n) be the second derivative of w(n). Suppose 1 = 2*b + 3. What is i(b)?
4
Let z(p) = -p**2 + 6*p - 6. Let j = 7 - 4. Suppose 3*f - 8 = -4*x, j*f = 2*x + 2*f - 14. Let g be z(x). Let h(u) = -2*u**3 + u**2. Give h(g).
3
Let z = -17 + 12. Let s(u) = 11*u**3 - u**2 - 12*u + 8. Let i(y) = -5*y**3 + 6*y - 4. Let p(o) = -9*i(o) - 4*s(o). Give p(z).
9
Suppose -7*p + 2*y = -4*p, y = 5*p - 7. Let z(x) = -6 - x - x**p + 0*x + x**3 + 0*x. Give z(0).
-6
Let w(j) be the second derivative of j**4/12 + 2*j**2 - 16*j. Suppose 3*s - 6*s = 0. Calculate w(s).
4
Let m(k) = k - 1. Let r be m(3). Suppose -5*q + 26 = -2*t, -r*t + 6 = -q + 16. Let g(p) = -p**2 + 2*p + 4. Give g(q).
-4
Let t(x) = 3*x**3 - x**2 - 2*x - 1. Let n be t(-1). Let k(w) = 5*w + 2. Determine k(n).
-13
Let i(p) = 7*p**3 - 11*p**2 - 4*p + 6. Let x(h) = -15*h**3 + 23*h**2 + 8*h - 12. Let o(m) = 13*i(m) + 6*x(m). Calculate o(5).
-14
Suppose t + 13 = -t + p, p - 5 = 0. Let y(k) = k**3 - k**2 + k. Let q(j) = 6*j**3 + 11*j + 6. Let c(g) = -q(g) + 5*y(g). Determine c(t).
2
Suppose -2 = 4*h - 10. Let r = h + -3. Let u(d) = -2 - d**3 + 3 + 5*d**2 - 6*d**2. Give u(r).
1
Let s(h) be the third derivative of h**6/120 - h**4/24 + 13*h**3/3 + 31*h**2. Give s(0).
26
Let u be 2/3 - (-112)/12. Let l be (-4)/u - 54/(-10). Let f(b) = -3*b + 7. What is f(l)?
-8
Let l = 3 + 2. Let r(y) = y**2 - 8*y + 12. Let t be r(l). Let p(k) = k**3 + 2*k**2 - 4*k. What is p(t)?
3
Suppose 4*r = -r - 15. Let q(g) = g**3 - g**2 - g - 1. Let b(f) = 3*f**3 - 7*f**2 - 6*f - 5. Let y(z) = -b(z) + 4*q(z). Give y(r).
-5
Suppose -2*w = -6*w + 20. Let u = w - 7. Let c(o) = -2*o**2 - 2*o - 1. What is c(u)?
-5
Let i(t) = t + 1. Let c(w) = w. Let q(h) = -3*c(h) - i(h). Let y(x) be the first derivative of -x**2 + x - 1. Let k be y(1). Give q(k).
3
Let j(o) = o**2 + 4*o - 5. Let g = 3 - 1. Suppose -11 = g*w + 1. What is j(w)?
7
Let t(a) = a + 2. Suppose n - 4*n = -75. Suppose -2*h - 10 = -4*y - 30, 4*h + n = -5*y. Determine t(h).
2
Let q(a) be the second derivative of a**4/12 + a**3/6 - a**2/2 - 4*a. Let l(r) = -r**3 + 7*r**2 - 7*r + 7. Let w be l(6). What is q(w)?
1
Let k(b) = -b + 3. Let w be (-56)/(-12) - 4/6. Suppose -2*g + 67 = 5*v, 5*g - 45 - 12 = -w*v. Suppose -2*t - 9 = 3*d + 2, 0 = 4*d + t + v. Give k(d).
6
Let t(z) be the third derivative of z**5/60 + z**3/6 - 24*z**2. Determine t(-2).
5
Let b(q) = -q**3 + 7*q**2 - 16 + 6 + 1. Give b(7).
-9
Let i(v) = v**2 - v - 3. Let h be i(3). Let r(p) = 2*p**2 + 2 + 2 + 2 - h*p**2 + 6*p. Calculate r(5).
11
Let o be 10/(-2)*(-3)/3. Let u(v) = -v**3 + 4*v**2 + 5*v - 1. Determine u(o).
-1
Let t be (5/3)/((-1)/3). Let m(b) be the second derivative of b**6/720 + b**5/120 - b**4/6 - 2*b. Let c(f) be the third derivative of m(f). What is c(t)?
-4
Let z(m) be the first derivative of m**3/3 - 3*m**2/2 + 12. Calculate z(5).
10
Let i be ((-15)/12)/(-2*3/(-24)). Let t(a) = -a - 2. Give t(i).
3
Let t(m) = 2*m + 3. Let o(r) = r**2 - r - 5. Let k be o(0). Determine t(k).
-7
Let l(r) be the first derivative of -1/3*r**3 - 1/2*r**2 + 3/2*r**4 - 2 - r. Suppose 5 = -7*d + 2*d. Determine l(d).
-7
Let n(b) = -3*b + 2*b - 2*b + 4 + b. Determine n(4).
-4
Let w be (-21)/(-9) + 2/3. Let v(y) = -y**3 - 2*y + 4*y**3 + 2 + 3*y**2 - 4*y**3 + 0*y**w. Determine v(2).
2
Suppose -2*p = p - 18. Let y(h) = -h**3 + 2*h**3 - p*h**2 + 0*h**3 - 6 + 9*h - 2*h. Determine y(5).
4
Suppose -f + 3*v + 6 = -3, f + 4*v = -19. Let k(t) = t**2 + t - 1. Determine k(f).
5
Suppose 6 = 5*s + 1. Let c(v) = 23*v**2 - 6*v + 14. Let x(g) = 8*g**2 - 2*g + 5. Let d(m) = -4*c(m) + 11*x(m). Calculate d(s).
-3
Let k(r) = r**2 - 5*r + 3. Let n(u) = -5*u**2 + 20*u - 13. Let s(h) = 9*k(h) + 2*n(h). Determine s(-5).
1
Let k(a) be the first derivative of -a**4/4 - 2*a**3 + 6*a + 3. Let m be k(-6). Let t(l) = l. Determine t(m).
6
Let l(k) = k - 3. Let x be l(0). Let s(t) = -3*t - 132*t**2 + 65*t**2 + 66*t**2 - 3. Calculate s(x).
-3
Let y(p) = -14*p**2 - 1. Let b(q) = -q + 6. Let f be b(5). What is y(f)?
-15
Let m(u) = 5*u**3 - 2*u**2 + 2*u - 1. Let g be m(1). Let a be 4/(-2) + g + -1. Let b(i) = -i**2 + 5*i**3 - 4*i + 3*i + a + 0. Determine b(1).
4
Let o(j) = -j + 4 + 1 + 2*j. Let h(a) = -a**3 - 9*a**2 + 2*a**3 + 3 + 0 + a - 2*a**3. Let z be h(